{"id":941,"date":"2019-04-01T17:04:29","date_gmt":"2019-04-01T17:04:29","guid":{"rendered":"http:\/\/tekzol.net\/?page_id=941"},"modified":"2019-04-30T16:13:51","modified_gmt":"2019-04-30T16:13:51","slug":"historia","status":"publish","type":"page","link":"https:\/\/tekzol.net\/index.php\/historia\/","title":{"rendered":"Historia"},"content":{"rendered":"<p id=\"default\"><a href=\"http:\/\/tekzol.net\/wp-content\/uploads\/2019\/04\/pollo_72.jpg\"><img loading=\"lazy\" decoding=\"async\" class=\"wp-image-1193  alignleft\" src=\"http:\/\/tekzol.net\/wp-content\/uploads\/2019\/04\/pollo_72-300x300.jpg\" alt=\"\" width=\"252\" height=\"252\" srcset=\"https:\/\/tekzol.net\/wp-content\/uploads\/2019\/04\/pollo_72-300x300.jpg 300w, https:\/\/tekzol.net\/wp-content\/uploads\/2019\/04\/pollo_72-150x150.jpg 150w, https:\/\/tekzol.net\/wp-content\/uploads\/2019\/04\/pollo_72.jpg 542w\" sizes=\"auto, (max-width: 252px) 100vw, 252px\" \/><\/a>Desde el 2013 iniciamos nuestra operaci\u00f3n comercial en el territorio colombiano, y r\u00e1pidamente nos hemos destacado como una organizaci\u00f3n seria, de trayectoria y valores, que nos aseguran permanecer por muchos a\u00f1os m\u00e1s en el mercado.<\/p>\n<p id=\"default\">Somos representantes directos de destacadas multinacionales dedicadas a la innovaci\u00f3n y desarrollo de aditivos nutricionales para uso en animales dom\u00e9sticos.<\/p>\n<p id=\"default\">TEKZOL propone soluciones tecnol\u00f3gicas para optimizar los procesos de econom\u00eda en la producci\u00f3n av\u00edcola, porcina, acu\u00edcola y ganadera, con un \u00f3ptimo enfoque t\u00e9cnico y con aditivos nutricionales validados bajo condiciones locales en nuestras propias unidades de experimentaci\u00f3n animal.<\/p>\n<p id=\"default\">TEKZOL cuenta con tres unidades especiales de negocio, cuyo prop\u00f3sito com\u00fan es proveer a los productores pecuarios, soluciones tecnol\u00f3gicas que potencialicen el rendimiento zoot\u00e9cnico de las explotaciones pecuarias:<\/p>\n<ul>\n<li><a href=\"http:\/\/tekzol.net\/index.php\/nutricion-animal\/\">Divisi\u00f3n Nutrici\u00f3n Animal<\/a><\/li>\n<li><a href=\"http:\/\/tekzol.net\/index.php\/tekzol-research\/\">Tekzol Research<\/a><\/li>\n<\/ul>\n","protected":false},"excerpt":{"rendered":"<p>Desde el 2013 iniciamos nuestra operaci\u00f3n comercial en el territorio colombiano, y r\u00e1pidamente nos hemos destacado como una organizaci\u00f3n seria, de trayectoria y valores, que nos aseguran permanecer por muchos&#8230; <\/p>\n","protected":false},"author":1,"featured_media":1193,"parent":0,"menu_order":0,"comment_status":"closed","ping_status":"closed","template":"","meta":{"footnotes":""},"class_list":["post-941","page","type-page","status-publish","has-post-thumbnail","hentry"],"_links":{"self":[{"href":"https:\/\/tekzol.net\/index.php\/wp-json\/wp\/v2\/pages\/941","targetHints":{"allow":["GET"]}}],"collection":[{"href":"https:\/\/tekzol.net\/index.php\/wp-json\/wp\/v2\/pages"}],"about":[{"href":"https:\/\/tekzol.net\/index.php\/wp-json\/wp\/v2\/types\/page"}],"author":[{"embeddable":true,"href":"https:\/\/tekzol.net\/index.php\/wp-json\/wp\/v2\/users\/1"}],"replies":[{"embeddable":true,"href":"https:\/\/tekzol.net\/index.php\/wp-json\/wp\/v2\/comments?post=941"}],"version-history":[{"count":18,"href":"https:\/\/tekzol.net\/index.php\/wp-json\/wp\/v2\/pages\/941\/revisions"}],"predecessor-version":[{"id":1197,"href":"https:\/\/tekzol.net\/index.php\/wp-json\/wp\/v2\/pages\/941\/revisions\/1197"}],"wp:featuredmedia":[{"embeddable":true,"href":"https:\/\/tekzol.net\/index.php\/wp-json\/wp\/v2\/media\/1193"}],"wp:attachment":[{"href":"https:\/\/tekzol.net\/index.php\/wp-json\/wp\/v2\/media?parent=941"}],"curies":[{"name":"wp","href":"https:\/\/api.w.org\/{rel}","templated":true}]}}