{"id":16,"date":"2015-08-20T20:10:11","date_gmt":"2015-08-20T20:10:11","guid":{"rendered":"http:\/\/thegraphichub.com\/tekzol_wp\/?page_id=16"},"modified":"2021-04-16T20:37:08","modified_gmt":"2021-04-16T20:37:08","slug":"tekzol-research","status":"publish","type":"page","link":"https:\/\/tekzol.net\/index.php\/tekzol-research\/","title":{"rendered":"Tekzol Research"},"content":{"rendered":"<p><a href=\"http:\/\/tekzol.net\/wp-content\/uploads\/2019\/04\/tekzol_research-1.png\"><img loading=\"lazy\" decoding=\"async\" class=\"wp-image-1036  alignleft\" src=\"http:\/\/tekzol.net\/wp-content\/uploads\/2019\/04\/tekzol_research-1-300x299.png\" alt=\"\" width=\"264\" height=\"263\" srcset=\"https:\/\/tekzol.net\/wp-content\/uploads\/2019\/04\/tekzol_research-1-300x299.png 300w, https:\/\/tekzol.net\/wp-content\/uploads\/2019\/04\/tekzol_research-1-150x150.png 150w, https:\/\/tekzol.net\/wp-content\/uploads\/2019\/04\/tekzol_research-1.png 301w\" sizes=\"auto, (max-width: 264px) 100vw, 264px\" \/><\/a>En <span class=\"resaltado\">TEKZOL<\/span>, la investigaci\u00f3n y la innovaci\u00f3n son la esencia. La divisi\u00f3n <span class=\"resaltado\">Tekzol Research<\/span> est\u00e1 formada por expertos de la salud y la nutrici\u00f3n animal. Este equipo dispone de laboratorios y equipamiento propio, quienes cooperan con universidades y centros de investigaci\u00f3n formando parte en ambiciosos proyectos colaborativos de investigaci\u00f3n.<\/p>\n<p id=\"default\"><span class=\"resaltado\">Tekzol Research<\/span> es una divisi\u00f3n especial de negocio en relaci\u00f3n a la nutrici\u00f3n animal con instalaciones experimentales para ofrecer a sus clientes productos <span class=\"resaltado\">validados<\/span>. Esto significa que, adem\u00e1s de la investigaci\u00f3n de origen, el productor dispondr\u00e1 de ensayos realizados con dietas y en condiciones locales. Este esfuerzo genera confianza en el nutricionista, tanto en el desarrollo inicial del producto como en la aplicaci\u00f3n local de las soluciones propuestas.<\/p>\n<p id=\"default\"><span class=\"resaltado\"><i><span lang=\"ES-CO\">Tekzol Research<\/span><\/i><\/span><span lang=\"ES-CO\">\u00a0cuenta con tres unidades experimentales suscritas en convenios de cooperaci\u00f3n e investigaci\u00f3n con la hacienda El Papayal en Palmira &#8211; Valle del Cauca y con reconocidas facultades de medicina veterinaria y zootecnia colombianas: Universidad Cooperativa de Colombia\u00a0 en Ibagu\u00e9,y con la Universidad de ciencias aplicadas (UDCA) con su unidad experimental av\u00edcola y pisc\u00edcola en Bogot\u00e1 y los Llanos Orientales.<\/span><\/p>\n<p>En 2020 concluimos un ambicioso proyecto, cuyo fin fu\u00e9 renovar y ampliar la capacidad de nuestra unidad experimental El Papayal de Palmira \u2013 Valle, Duplicamos el tama\u00f1o del galp\u00f3n av\u00edcola, lo que nos permiti\u00f3 llegar a 64 corrales, cada uno\u00a0 con su correspondiente l\u00ednea de bebederos autom\u00e1ticos de niple, comederos, cerramiento, y control de temperatura. En los que cada ave etiquetada es una unidad experimental individual que ofrece datos estad\u00edsticamente valiosos.<\/p>\n<p>\u00a0<\/p>\n<p>\u00a0<\/p>\n\n\n<div class=\"wp-block-columns is-layout-flex wp-container-core-columns-is-layout-9d6595d7 wp-block-columns-is-layout-flex\">\n<div class=\"wp-block-column is-vertically-aligned-top is-layout-flow wp-block-column-is-layout-flow\" style=\"flex-basis:100%\">\n<div class=\"wp-block-columns is-layout-flex wp-container-core-columns-is-layout-9d6595d7 wp-block-columns-is-layout-flex\">\n<div class=\"wp-block-column is-layout-flow wp-block-column-is-layout-flow\">\n<figure class=\"wp-block-image size-large\"><a href=\"http:\/\/tekzol.net\/wp-content\/uploads\/2021\/04\/Granja_2_color_2.jpg\"><img loading=\"lazy\" decoding=\"async\" width=\"300\" height=\"300\" src=\"http:\/\/tekzol.net\/wp-content\/uploads\/2021\/04\/Granja_2_color_2.jpg\" alt=\"\" class=\"wp-image-1276\" srcset=\"https:\/\/tekzol.net\/wp-content\/uploads\/2021\/04\/Granja_2_color_2.jpg 300w, https:\/\/tekzol.net\/wp-content\/uploads\/2021\/04\/Granja_2_color_2-150x150.jpg 150w\" sizes=\"auto, (max-width: 300px) 100vw, 300px\" \/><\/a><\/figure>\n<\/div>\n\n\n\n<div class=\"wp-block-column is-layout-flow wp-block-column-is-layout-flow\">\n<figure class=\"wp-block-image size-large\"><a href=\"http:\/\/tekzol.net\/wp-content\/uploads\/2021\/04\/Granja_5_color.jpg\"><img loading=\"lazy\" decoding=\"async\" width=\"300\" height=\"300\" src=\"http:\/\/tekzol.net\/wp-content\/uploads\/2021\/04\/Granja_5_color.jpg\" alt=\"\" class=\"wp-image-1272\" srcset=\"https:\/\/tekzol.net\/wp-content\/uploads\/2021\/04\/Granja_5_color.jpg 300w, https:\/\/tekzol.net\/wp-content\/uploads\/2021\/04\/Granja_5_color-150x150.jpg 150w\" sizes=\"auto, (max-width: 300px) 100vw, 300px\" \/><\/a><\/figure>\n<\/div>\n\n\n\n<div class=\"wp-block-column is-layout-flow wp-block-column-is-layout-flow\">\n<figure class=\"wp-block-image size-large\"><a href=\"http:\/\/tekzol.net\/wp-content\/uploads\/2021\/04\/Granja_4_color.jpg\"><img loading=\"lazy\" decoding=\"async\" width=\"300\" height=\"300\" src=\"http:\/\/tekzol.net\/wp-content\/uploads\/2021\/04\/Granja_4_color.jpg\" alt=\"\" class=\"wp-image-1271\" srcset=\"https:\/\/tekzol.net\/wp-content\/uploads\/2021\/04\/Granja_4_color.jpg 300w, https:\/\/tekzol.net\/wp-content\/uploads\/2021\/04\/Granja_4_color-150x150.jpg 150w\" sizes=\"auto, (max-width: 300px) 100vw, 300px\" \/><\/a><\/figure>\n<\/div>\n<\/div>\n\n\n\n<div class=\"wp-block-columns is-layout-flex wp-container-core-columns-is-layout-9d6595d7 wp-block-columns-is-layout-flex\">\n<div class=\"wp-block-column is-layout-flow wp-block-column-is-layout-flow\">\n<figure class=\"wp-block-image size-large\"><a href=\"http:\/\/tekzol.net\/wp-content\/uploads\/2021\/04\/Granja_3_color.jpg\"><img loading=\"lazy\" decoding=\"async\" width=\"300\" height=\"300\" src=\"http:\/\/tekzol.net\/wp-content\/uploads\/2021\/04\/Granja_3_color.jpg\" alt=\"\" class=\"wp-image-1270\" srcset=\"https:\/\/tekzol.net\/wp-content\/uploads\/2021\/04\/Granja_3_color.jpg 300w, https:\/\/tekzol.net\/wp-content\/uploads\/2021\/04\/Granja_3_color-150x150.jpg 150w\" sizes=\"auto, (max-width: 300px) 100vw, 300px\" \/><\/a><\/figure>\n<\/div>\n\n\n\n<div class=\"wp-block-column is-layout-flow wp-block-column-is-layout-flow\">\n<figure class=\"wp-block-image size-large\"><a href=\"http:\/\/tekzol.net\/wp-content\/uploads\/2021\/04\/Granja_1_color.jpg\"><img loading=\"lazy\" decoding=\"async\" width=\"300\" height=\"300\" src=\"http:\/\/tekzol.net\/wp-content\/uploads\/2021\/04\/Granja_1_color.jpg\" alt=\"\" class=\"wp-image-1268\" srcset=\"https:\/\/tekzol.net\/wp-content\/uploads\/2021\/04\/Granja_1_color.jpg 300w, https:\/\/tekzol.net\/wp-content\/uploads\/2021\/04\/Granja_1_color-150x150.jpg 150w\" sizes=\"auto, (max-width: 300px) 100vw, 300px\" \/><\/a><\/figure>\n<\/div>\n\n\n\n<div class=\"wp-block-column is-layout-flow wp-block-column-is-layout-flow\">\n<figure class=\"wp-block-image size-large\"><a href=\"http:\/\/tekzol.net\/wp-content\/uploads\/2021\/04\/Pollo_7.jpg\"><img loading=\"lazy\" decoding=\"async\" width=\"1024\" height=\"1024\" src=\"http:\/\/tekzol.net\/wp-content\/uploads\/2021\/04\/Pollo_7-1024x1024.jpg\" alt=\"\" class=\"wp-image-1284\" srcset=\"https:\/\/tekzol.net\/wp-content\/uploads\/2021\/04\/Pollo_7-1024x1024.jpg 1024w, https:\/\/tekzol.net\/wp-content\/uploads\/2021\/04\/Pollo_7-300x300.jpg 300w, https:\/\/tekzol.net\/wp-content\/uploads\/2021\/04\/Pollo_7-150x150.jpg 150w, https:\/\/tekzol.net\/wp-content\/uploads\/2021\/04\/Pollo_7-768x768.jpg 768w, https:\/\/tekzol.net\/wp-content\/uploads\/2021\/04\/Pollo_7.jpg 1200w\" sizes=\"auto, (max-width: 1024px) 100vw, 1024px\" \/><\/a><\/figure>\n<\/div>\n<\/div>\n<\/div>\n<\/div>\n\n\n\n<p><\/p>\n","protected":false},"excerpt":{"rendered":"<p>En TEKZOL, la investigaci\u00f3n y la innovaci\u00f3n son la esencia. La divisi\u00f3n Tekzol Research est\u00e1 formada por expertos de la salud y la nutrici\u00f3n animal. Este equipo dispone de laboratorios&#8230; <\/p>\n","protected":false},"author":1,"featured_media":1036,"parent":0,"menu_order":0,"comment_status":"closed","ping_status":"closed","template":"","meta":{"footnotes":""},"class_list":["post-16","page","type-page","status-publish","has-post-thumbnail","hentry"],"_links":{"self":[{"href":"https:\/\/tekzol.net\/index.php\/wp-json\/wp\/v2\/pages\/16","targetHints":{"allow":["GET"]}}],"collection":[{"href":"https:\/\/tekzol.net\/index.php\/wp-json\/wp\/v2\/pages"}],"about":[{"href":"https:\/\/tekzol.net\/index.php\/wp-json\/wp\/v2\/types\/page"}],"author":[{"embeddable":true,"href":"https:\/\/tekzol.net\/index.php\/wp-json\/wp\/v2\/users\/1"}],"replies":[{"embeddable":true,"href":"https:\/\/tekzol.net\/index.php\/wp-json\/wp\/v2\/comments?post=16"}],"version-history":[{"count":112,"href":"https:\/\/tekzol.net\/index.php\/wp-json\/wp\/v2\/pages\/16\/revisions"}],"predecessor-version":[{"id":1288,"href":"https:\/\/tekzol.net\/index.php\/wp-json\/wp\/v2\/pages\/16\/revisions\/1288"}],"wp:featuredmedia":[{"embeddable":true,"href":"https:\/\/tekzol.net\/index.php\/wp-json\/wp\/v2\/media\/1036"}],"wp:attachment":[{"href":"https:\/\/tekzol.net\/index.php\/wp-json\/wp\/v2\/media?parent=16"}],"curies":[{"name":"wp","href":"https:\/\/api.w.org\/{rel}","templated":true}]}}